-2) + q*(-2)/4 is divided by (-2)/4 + (-26)/(-4)?
4
Calculate the remainder when 1/((-9)/(-12))*((-74)/(-4) - 2) is divided by -1 + 2 + (6 - 1).
4
Let i(f) be the first derivative of -7*f**4/4 - f**3/3 - f**2/2 + f + 30. What is the remainder when i(-2) is divided by 15?
10
Let x(n) = 2*n**2 + 16*n + 123. What is the remainder when x(-8) is divided by 38?
9
Let p(t) be the third derivative of -t**5/60 + 11*t**4/24 - 13*t**3/6 + 11*t**2. Calculate the remainder when (-3 - -1)*-1*7 is divided by p(9).
4
Let s be ((-1)/(-2))/((-1)/(-2398)). Let u be (-1)/(-5) - s/(-5). Suppose n = -4*n + u. What is the remainder when n is divided by 25?
23
Let i be 60 + (2 - (0 + 2)). Suppose -h - 2*h = -i. Let r = 14 - -44. What is the remainder when r is divided by h?
18
Let s(b) = 63*b**2 + b - 1. Let x be s(1). Suppose 0 = 3*a - x - 117. Calculate the remainder when a is divided by 3/((-1926)/279 + 7).
29
Suppose 91*l - 94*l = -156. What is the remainder when 59 is divided by l?
7
Suppose 0 = 14*c - 10*c + 56. Let f(m) = -m**2 - 14*m + 13. Suppose -t + 89 = 26. Calculate the remainder when t is divided by f(c).
11
Let h be (8/10)/(18/135). Suppose -5*o = -c + 43, 2*c - h*c + 52 = 4*o. Calculate the remainder when 125 is divided by c.
17
Suppose -o - 126 = -6*o - 3*s, -5*s - 15 = 0. Suppose -w - 5*v + o = w, -4*v + 17 = -3*w. What is the remainder when 39 is divided by 3 - (w - (1 + 18))?
18
Suppose 145 = -8*b + 777. Suppose 0*i + i = 16. What is the remainder when b is divided by i?
15
Let v be (-2 - (-7 + 2)) + 23. Let h = v + -4. What is the remainder when 62 is divided by h?
18
Let w = 20 + -9. Let i = -20 - -25. Suppose -54 = -i*x + 51. Calculate the remainder when x is divided by w.
10
Let m(d) = -d + 4. Suppose q = -5*g + 22, q = 2*g + 3*q - 12. Suppose -a + 30 = -g*a. Calculate the remainder when m(a) is divided by 8.
6
Suppose 9*k - 8*k - 24 = 0. Let i = 45 - k. Calculate the remainder when i is divided by 8.
5
Let m = 76 - 47. Suppose 4*z - m = -1. What is the remainder when ((-6)/(-3))/((-1)/(-13)) is divided by z?
5
Let c = -29 + 64. Suppose 4*j + 3 - c = -2*r, -88 = -3*r + 4*j. Calculate the remainder when 44 is divided by r.
20
Suppose -4*w + 36 = 4*r, -3*r + 2*w = -0*w - 7. Suppose -3*h = q - 67, -r*q + 4*h - 5*h = -377. Let p = q + -42. What is the remainder when p is divided by 7?
6
Let w(h) = h**2 + 6*h + 36. What is the remainder when w(0) is divided by 10?
6
Suppose 0*x - x + l + 129 = 0, 4*x + l = 501. Suppose 63 = r + 5*k + 27, -5*r = -2*k - x. Suppose -p = p - r. What is the remainder when 23 is divided by p?
10
Suppose 0*n + 2*n = 172. Suppose 8*z = -78 + 254. What is the remainder when n is divided by z?
20
Suppose 0 = -5*t + 30 + 100. Let d be -1 + 5 + -10 + t. Let r = d + -12. Calculate the remainder when 14 is divided by r.
6
Suppose -21*f - 12*f = -396. What is the remainder when 20 is divided by f?
8
Let m be (-8)/4 - (-13 - -1). Let l = m - 7. Suppose -10 - 29 = -l*q. What is the remainder when 49 is divided by q?
10
Let r = 10 + -17. Let z be -6*(-6 - (r - -4)). Suppose 0 = -2*i + 5*x + 45, -4*x - 90 + z = -4*i. What is the remainder when 102 is divided by i?
12
Suppose a = -0*a. Suppose s - 5 + a = 0. Suppose -4*o = 2*u - 64, 4*u + 2*o = s*u - 16. What is the remainder when 70 is divided by u?
22
Let d(r) = 2*r**3 + 9*r**2 - 2*r - 3. Calculate the remainder when d(3) is divided by 16.
14
Let y(c) = -c**3 + 34*c**2 - 65*c + 60. Calculate the remainder when 335 is divided by y(32).
27
Suppose -2*t = -b + 4*b - 52, -6 = -3*b. Let i be (-8)/(-6) + (-1)/3. Let f(o) = 43*o**2 + 2*o - 1. What is the remainder when f(i) is divided by t?
21
Suppose 2*k - v = 40, v = 2*k + 6*v - 28. Let h = 100 - k. What is the remainder when h is divided by 14?
11
Suppose -13*b = 13*b - 286. Let j = -115 - -169. What is the remainder when j is divided by b?
10
Let g = 9 + -5. Let l(k) = -k**2 + 4*k - 4. Let y be l(g). What is the remainder when (-201)/y - 1/4 is divided by 13?
11
Let g(c) = -4*c + 5. Let t be g(-13). Let l = 107 - t. Calculate the remainder when l is divided by (-1)/(2*1/(-34)).
16
Let x = 483 - 462. Calculate the remainder when 797 is divided by x.
20
Let n be 88/32*(3 + 1). Let k = n - 7. Suppose k*s + 78 = 2*r, 2*s - 110 = -3*r + s. Calculate the remainder when 109 is divided by r.
35
Let w be -3*3/3*1. Let z = 3 + w. Let x(b) = b**3 + b**2 - b + 11. What is the remainder when 32 is divided by x(z)?
10
Suppose 0 = 5*b - 5, -b + 5 = 3*r - 2*b. Suppose -r*j + w + 57 = -2*w, 4*j - 4*w - 112 = 0. Calculate the remainder when 39 is divided by j.
12
Let d = -2 + 3. What is the remainder when 53 is divided by (d/(-1))/(4/(-76))?
15
Let d = 70 - 46. Let q = d + -5. What is the remainder when 50 is divided by q?
12
Let i be 0/(12/(-18)*6/4). Suppose j + j - 60 = i. Calculate the remainder when 116 is divided by j.
26
Let o(i) = -12*i + 8*i**2 - 5 + i**3 + 5 - 11 - 4. What is the remainder when 34 is divided by o(-9)?
10
Let q be ((-16)/(-12))/(-4)*0 - -211. Suppose -w + 35 + 14 = -3*y, 2*y - q = -5*w. What is the remainder when w is divided by 15?
13
Let l(k) = 2*k**2 + 9*k**2 - k**3 - 21*k**2 + 14. What is the remainder when 16 is divided by l(-10)?
2
Calculate the remainder when (13 - (-176)/(-16))/(2/1509) is divided by 54.
51
Let t(d) be the second derivative of d**3/6 + d**2 - 2*d. Let r be t(5). Let z(v) = 2*v - 1. Calculate the remainder when 25 is divided by z(r).
12
Suppose -4*u + 100 = -2*m + 7*m, 3*u + 3*m - 72 = 0. What is the remainder when 54 is divided by u?
14
Calculate the remainder when 94 is divided by (-4)/(-22) + (-85)/165*-21.
6
Let m = 86 - 84. Suppose 0 = -m*q + 39 + 5. What is the remainder when 59 is divided by q?
15
Calculate the remainder when ((-3)/18*542)/((-7)/21) is divided by 31.
23
Let s = 24 - 18. Suppose 3*j - s*j + 12 = 0. Calculate the remainder when 11 is divided by j.
3
Let l be -72*(1 + (12/9 - 3)). Let c = l - 42. Calculate the remainder when 27 is divided by c.
3
Suppose 44 = -0*k + 2*k. Let y = 14 + k. Suppose -3*m = -5*m + 26. What is the remainder when y is divided by m?
10
Calculate the remainder when 358 is divided by (-75)/2*(-14)/21.
8
Let f(s) = s**2 + 7*s - 11. Let j be f(-9). Let n(u) = 11*u - 8. What is the remainder when n(j) is divided by (3 - -3 - -3) + 3?
9
Let m = 1 + 2. Let p(g) = -7*g + 37. Let b be p(5). Suppose -15 = b*y - 5*y. What is the remainder when y is divided by m?
2
Suppose -2*b = -3*d + 130, b - 4 = -3*b. Suppose 0 = -114*g + 34*g - 96 + 336. What is the remainder when d is divided by g?
2
Suppose -n + 6*n = 10, l = -4*n + 13. Suppose -2*h - 25 = -89. What is the remainder when h is divided by l?
2
Let y(u) = -4*u**2 - 69*u + 3. Calculate the remainder when 131 is divided by y(-17).
11
Let k(g) = -g**2 - 10*g - 14. Suppose 0 = -11*m - 71 + 27. What is the remainder when 15 is divided by k(m)?
5
Let q be (20/(-6) + 2)*-3. Suppose -q*i = -2*i - 28. Let r = 327 + -322. Calculate the remainder when i is divided by r.
4
Suppose -5*h + 10*h + 90 = 5*k, -4*k - 5*h + 90 = 0. What is the remainder when 57 is divided by k?
17
Let w(v) be the first derivative of -v**5/10 - v**4/8 + v**3 - 6. Let k(o) be the third derivative of w(o). Calculate the remainder when 39 is divided by k(-2).
18
Suppose -4*y + 2*h = 4*h - 34, -5*h + 55 = 5*y. Suppose 0 = p + 4*f - 16, 0 = p + 3*f - 16 + 1. What is the remainder when 1/y*-10*-27 is divided by p?
9
Suppose -2*s + 0*o + 150 = 4*o, 0 = 2*s + 2*o - 148. Suppose -8*g - 20 = -a - 5*g, 5*g = 0. Calculate the remainder when s is divided by a.
13
Let d(a) = -6*a - 86. What is the remainder when 95 is divided by d(-17)?
15
Let l = 133 - 131. Suppose 0 = -j + 2 + l, 2*c + 5*j - 96 = 0. What is the remainder when c is divided by 20?
18
Suppose -q + 10 = q. Let c = q - -8. What is the remainder when 37 is divided by c?
11
Let v(a) = -23*a - 112. What is the remainder when 57 is divided by v(-5)?
0
Suppose -3*w + 3*d = -2*w - 1, 5*d - 17 = -w. Let u = w + 12. What is the remainder when u is divided by 5?
4
What is the remainder when -58*(297/(-6))/11 is divided by 69?
54
Let r(f) = -3*f**3 + 2*f**2 + 4*f - 1. What is the remainder when r(-3) is divided by 113/4 + (-42)/(-56)?
28
Let q = -2287 - -2315. Calculate the remainder when q is divided by 15.